{"id":76,"date":"2018-02-16T10:05:59","date_gmt":"2018-02-16T09:05:59","guid":{"rendered":"http:\/\/www.kargea.cz\/?page_id=76"},"modified":"2018-05-02T15:31:57","modified_gmt":"2018-05-02T13:31:57","slug":"co-delame","status":"publish","type":"page","link":"https:\/\/www.kargea.cz\/?page_id=76","title":{"rendered":"Co d\u011bl\u00e1me"},"content":{"rendered":"<p>&nbsp;<\/p>\n<p><img loading=\"lazy\" decoding=\"async\" class=\"alignnone size-full wp-image-448\" src=\"http:\/\/www.kargea.cz\/wp-content\/uploads\/2018\/03\/cihly3.jpg\" alt=\"\" width=\"792\" height=\"33\" srcset=\"https:\/\/www.kargea.cz\/wp-content\/uploads\/2018\/03\/cihly3.jpg 792w, https:\/\/www.kargea.cz\/wp-content\/uploads\/2018\/03\/cihly3-300x13.jpg 300w, https:\/\/www.kargea.cz\/wp-content\/uploads\/2018\/03\/cihly3-768x32.jpg 768w\" sizes=\"auto, (max-width: 792px) 100vw, 792px\" \/><\/p>\n<ul>\n<li><span style=\"color: #993300; font-family: arial, helvetica, sans-serif; font-size: 12pt;\">\u00a0 Rozpo\u010dt\u00e1\u0159sk\u00e9 a projek\u010dn\u00ed pr\u00e1ce<\/span><\/li>\n<li><span style=\"font-family: arial, helvetica, sans-serif; color: #993300;\">\u00a0 Novostavby komer\u010dn\u00edch, obytn\u00fdch a pr\u016fmyslov\u00fdch staveb<\/span><\/li>\n<li><span style=\"color: #993300; font-family: arial, helvetica, sans-serif; font-size: 12pt;\">\u00a0 Stavba RD dom\u016f na kl\u00ed\u010d<\/span><\/li>\n<li><span style=\"color: #993300; font-family: arial, helvetica, sans-serif; font-size: 12pt;\">\u00a0 Rekonstrukce byt\u016f, dom\u016f, kancel.budov<\/span><\/li>\n<li><span style=\"color: #993300; font-family: arial, helvetica, sans-serif; font-size: 12pt;\"><span style=\"color: #993300; font-family: arial, helvetica, sans-serif; font-size: 12pt;\">\u00a0 Izolace a zateplen\u00ed, vysu\u0161ov\u00e1n\u00ed zdiva, sanace<\/span><\/span><span style=\"color: #993300; font-family: arial, helvetica, sans-serif; font-size: 12pt;\"><br \/>\n<\/span><\/li>\n<li><span style=\"color: #993300; font-family: arial, helvetica, sans-serif; font-size: 12pt;\">\u00a0 V\u00fdm\u011bna oken, dve\u0159\u00ed<\/span><\/li>\n<li><span style=\"font-family: arial, helvetica, sans-serif; color: #993300;\">\u00a0 Statick\u00e9 pr\u00e1ce<\/span><\/li>\n<li><span style=\"color: #993300; font-family: arial, helvetica, sans-serif; font-size: 12pt;\">\u00a0 Ter\u00e9nn\u00ed \u00fapravy<\/span><\/li>\n<li><span style=\"color: #993300; font-family: arial, helvetica, sans-serif; font-size: 12pt;\">\u00a0 V\u00fdkopov\u00e9 pr\u00e1ce<\/span><\/li>\n<li><span style=\"color: #993300; font-family: arial, helvetica, sans-serif; font-size: 12pt;\">\u00a0 Stavba a rekonstrukce pozemn\u00edch komunikac\u00ed<\/span><\/li>\n<li><span style=\"color: #993300; font-family: arial, helvetica, sans-serif; font-size: 12pt;\">\u00a0 Demolice a odstran\u011bn\u00ed budov<\/span><\/li>\n<li><span style=\"color: #993300; font-family: arial, helvetica, sans-serif; font-size: 12pt;\">\u00a0 Odvoz a likvidace suti<\/span><\/li>\n<li><span style=\"font-family: arial, helvetica, sans-serif; color: #993300;\">\u00a0 Pr\u00e1ce p\u0159idru\u017een\u00e9 stavebn\u00ed v\u00fdstavby PSV (topen\u00e1\u0159sk\u00e9, elektrik\u00e1\u0159sk\u00e9, instalat\u00e9rsk\u00e9 pr\u00e1ce atd.)<\/span><\/li>\n<\/ul>\n<p>&nbsp;<\/p>\n<p style=\"text-align: center;\"><span style=\"font-family: arial, helvetica, sans-serif; color: #333333;\">Ke ka\u017ed\u00e9mu z\u00e1kazn\u00edkovi p\u0159istupujeme individu\u00e1ln\u011b dle jeho pot\u0159eb.<\/span><br \/>\n<span style=\"font-family: arial, helvetica, sans-serif; color: #333333;\"> Na stavb\u00e1ch prov\u00e1d\u00edme pravideln\u00e9 kontroln\u00ed dny za \u00fa\u010dasti stavebn\u00edka nebo jeho z\u00e1stupce.<\/span><br \/>\n<span style=\"font-family: arial, helvetica, sans-serif; color: #333333;\"> Nab\u00edz\u00edme komplexn\u00ed realizace v uveden\u00fdch oborech i d\u00edl\u010d\u00ed odborn\u00e9 zpracov\u00e1n\u00ed d\u00edla.<\/span><br \/>\n<span style=\"font-family: arial, helvetica, sans-serif; color: #333333;\"> D\u00edky v\u00fd\u0161e uveden\u00fdm slu\u017eb\u00e1m nab\u00edz\u00edme maxim\u00e1ln\u00ed komfort pro na\u0161e z\u00e1kazn\u00edky, kdy jsme schopni v r\u00e1mci stavby flexibiln\u011b reagovat na po\u017eadavky z\u00e1kazn\u00edka a po p\u0159ed\u00e1n\u00ed d\u00edla poskytujeme kvalitn\u00ed z\u00e1ru\u010dn\u00ed servis.<\/span><\/p>\n<p>&nbsp;<\/p>\n<p><img loading=\"lazy\" decoding=\"async\" class=\"alignnone size-full wp-image-447\" src=\"http:\/\/www.kargea.cz\/wp-content\/uploads\/2018\/03\/cihly2.jpg\" alt=\"\" width=\"792\" height=\"70\" srcset=\"https:\/\/www.kargea.cz\/wp-content\/uploads\/2018\/03\/cihly2.jpg 792w, https:\/\/www.kargea.cz\/wp-content\/uploads\/2018\/03\/cihly2-300x27.jpg 300w, https:\/\/www.kargea.cz\/wp-content\/uploads\/2018\/03\/cihly2-768x68.jpg 768w\" sizes=\"auto, (max-width: 792px) 100vw, 792px\" \/><\/p>\n","protected":false},"excerpt":{"rendered":"<p>&nbsp; \u00a0 Rozpo\u010dt\u00e1\u0159sk\u00e9 a projek\u010dn\u00ed pr\u00e1ce \u00a0 Novostavby komer\u010dn\u00edch, obytn\u00fdch a pr\u016fmyslov\u00fdch staveb \u00a0 Stavba RD dom\u016f na kl\u00ed\u010d \u00a0 Rekonstrukce byt\u016f, dom\u016f, kancel.budov \u00a0 Izolace a zateplen\u00ed, vysu\u0161ov\u00e1n\u00ed zdiva, sanace \u00a0 V\u00fdm\u011bna oken, dve\u0159\u00ed \u00a0 Statick\u00e9 pr\u00e1ce \u00a0 Ter\u00e9nn\u00ed \u00fapravy \u00a0 V\u00fdkopov\u00e9 pr\u00e1ce \u00a0 Stavba a rekonstrukce pozemn\u00edch komunikac\u00ed \u00a0 Demolice a odstran\u011bn\u00ed budov [&hellip;]<\/p>\n","protected":false},"author":2,"featured_media":0,"parent":0,"menu_order":0,"comment_status":"closed","ping_status":"closed","template":"","meta":{"footnotes":""},"class_list":["post-76","page","type-page","status-publish","hentry"],"_links":{"self":[{"href":"https:\/\/www.kargea.cz\/index.php?rest_route=\/wp\/v2\/pages\/76","targetHints":{"allow":["GET"]}}],"collection":[{"href":"https:\/\/www.kargea.cz\/index.php?rest_route=\/wp\/v2\/pages"}],"about":[{"href":"https:\/\/www.kargea.cz\/index.php?rest_route=\/wp\/v2\/types\/page"}],"author":[{"embeddable":true,"href":"https:\/\/www.kargea.cz\/index.php?rest_route=\/wp\/v2\/users\/2"}],"replies":[{"embeddable":true,"href":"https:\/\/www.kargea.cz\/index.php?rest_route=%2Fwp%2Fv2%2Fcomments&post=76"}],"version-history":[{"count":37,"href":"https:\/\/www.kargea.cz\/index.php?rest_route=\/wp\/v2\/pages\/76\/revisions"}],"predecessor-version":[{"id":535,"href":"https:\/\/www.kargea.cz\/index.php?rest_route=\/wp\/v2\/pages\/76\/revisions\/535"}],"wp:attachment":[{"href":"https:\/\/www.kargea.cz\/index.php?rest_route=%2Fwp%2Fv2%2Fmedia&parent=76"}],"curies":[{"name":"wp","href":"https:\/\/api.w.org\/{rel}","templated":true}]}}